335 - -4?
-224331
In base 7, what is 11 + -3054?
-3043
In base 13, what is -13a8 - 3?
-13ab
In base 13, what is 2 - -94?
96
In base 10, what is 693 - -2?
695
In base 6, what is -121 - -22?
-55
In base 16, what is 14 - 2?
12
In base 11, what is 984 + -1?
983
In base 2, what is 10010111 - -101?
10011100
In base 5, what is 3 - 2442?
-2434
In base 10, what is 5 + -373?
-368
In base 12, what is -6b3a + -5?
-6b43
In base 8, what is -37 - 26?
-65
In base 14, what is -28 - 10?
-38
In base 15, what is -209 - 4?
-20d
In base 2, what is -100100010 + 101?
-100011101
In base 4, what is -2 + -2322?
-2330
In base 2, what is -11111000 - 1?
-11111001
In base 6, what is 25 + -2?
23
In base 10, what is -3 + 53?
50
In base 8, what is -3 + 352?
347
In base 16, what is -1 + -120?
-121
In base 5, what is -4 - 22033?
-22042
In base 14, what is -1b47 + 5?
-1b42
In base 2, what is 100101000 - 11011?
100001101
In base 15, what is -33a - -6?
-334
In base 16, what is 5 - e?
-9
In base 13, what is -173 - -4?
-16c
In base 11, what is -5 - 31?
-36
In base 15, what is -74 + 2?
-72
In base 7, what is -5 + -61?
-66
In base 11, what is 170a - -1?
1710
In base 7, what is 5 - -2002?
2010
In base 2, what is -100 - 111111101110?
-111111110010
In base 14, what is 0 + -1876?
-1876
In base 2, what is 100 - -10000111101?
10001000001
In base 13, what is 5 + ac?
b4
In base 3, what is -1110122 - -2?
-1110120
In base 8, what is -37 - 30?
-67
In base 12, what is -4 - -7b?
77
In base 7, what is -5 - -333?
325
In base 8, what is 3 - -76?
101
In base 7, what is 406 + -13?
363
In base 11, what is -65 - 0?
-65
In base 16, what is 11d - -5?
122
In base 11, what is -1 + -4?
-5
In base 7, what is 3 + -5051?
-5045
In base 9, what is 6 + 3523?
3530
In base 9, what is -3 + 107?
104
In base 4, what is 21011 + 10?
21021
In base 15, what is 6 + -3?
3
In base 12, what is -64b - -1?
-64a
In base 12, what is -1871 + 5?
-1868
In base 9, what is 4 - -5?
10
In base 10, what is 23 + 96?
119
In base 6, what is 2540 + -1?
2535
In base 16, what is -10 + -17?
-27
In base 14, what is -2d65 - 0?
-2d65
In base 7, what is -130 + -5?
-135
In base 16, what is 0 + 40?
40
In base 3, what is 12 - -1202?
1221
In base 6, what is 100 - 30?
30
In base 16, what is -4 - 99?
-9d
In base 14, what is 9 - -5?
10
In base 12, what is 194 + 3?
197
In base 7, what is 1406 - -5?
1414
In base 6, what is 4 + 30312?
30320
In base 6, what is -134512 + -4?
-134520
In base 11, what is -23 + -52?
-75
In base 3, what is -1020 - 21?
-1111
In base 13, what is -252 - -4?
-24b
In base 11, what is -1a6 + -6?
-201
In base 14, what is 4 + 77?
7b
In base 2, what is 0 - -101100011?
101100011
In base 3, what is 120101 - 1?
120100
In base 9, what is 1 - 25?
-24
In base 13, what is 0 + -15c?
-15c
In base 5, what is -3231 + -2?
-3233
In base 14, what is 0 + -406?
-406
In base 15, what is 5 + -17a?
-175
In base 3, what is -110110 + 1101?
-102002
In base 3, what is -1021212 - 11?
-1022000
In base 10, what is 1 + -16?
-15
In base 15, what is 1c - 49?
-2c
In base 7, what is 3 - 1?
2
In base 10, what is -5 + -1250?
-1255
In base 13, what is -1 - -13?
12
In base 4, what is -2 + 32?
30
In base 10, what is -1939 + 4?
-1935
In base 9, what is -16 + 318?
302
In base 15, what is 9a + 2?
9c
In base 9, what is -2 - -17?
15
In base 4, what is 200 - -11?
211
In base 14, what is -105 - -5?
-100
In base 5, what is -431 - 2?
-433
In base 14, what is -2b - 3?
-30
In base 7, what is -1010 + -2?
-1012
In base 15, what is cd5 + 1?
cd6
In base 5, what is -313 - 100?
-413
In base 4, what is -2031312 + 1?
-2031311
In base 15, what is bd - 2?
bb
In base 14, what is 25 + 10?
35
In base 15, what is 15ad + 5?
15b3
In base 14, what is -67a + 5?
-675
In base 13, what is 424 + 0?
424
In base 6, what is 2 - 200?
-154
In base 5, what is -4 + 4444?
4440
In base 4, what is 10102033 - -1?
10102100
In base 14, what is 1 + 18?
19
In base 5, what is 413 - -3?
421
In base 12, what is -36a - -1?
-369
In base 8, what is 20 + -40?
-20
In base 9, what is 532 + 4?
536
In base 11, what is 2 + 67?
69
In base 14, what is 0 + 247?
247
In base 8, what is -6052 - 10?
-6062
In base 11, what is 22 + 6a?
91
In base 3, what is -1 + 12221202?
12221201
In base 12, what is 590 - 10?
580
In base 7, what is 5500 - 0?
5500
In base 16, what is 66b - -2?
66d
In base 9, what is -7 - -14?
6
In base 3, what is -102 - 1012?
-1121
In base 16, what is -2d + 0?
-2d
In base 12, what is 385 - -5?
38a
In base 10, what is 14 - -60?
74
In base 5, what is 122 - -42?
214
In base 5, what is -332 + 1?
-331
In base 5, what is 104 + -1204?
-1100
In base 6, what is -52 + 101?
5
In base 8, what is 1032 - 13?
1017
In base 9, what is 2 + 43?
45
In base 12, what is 28 + 6?
32
In base 14, what is -13b + -2?
-13d
In base 11, what is 84a + -1?
849
In base 13, what is 666 - b?
658
In base 7, what is -4 + 4362?
4355
In base 6, what is -5 - 31534?
-31543
In base 7, what is -1061 + 1?
-1060
In base 12, what is 71a2 - 0?
71a2
In base 7, what is 1 + 22430?
22431
In base 6, what is -53 + -2?
-55
In base 16, what is -b75 - -5?
-b70
In base 5, what is -221 + -21?
-242
In base 12, what is -21 - 1?
-22
In base 11, what is -2 - -156?
154
In base 7, what is -636 + 4?
-632
In base 2, what is -10100100 - -1101010?
-111010
In base 7, what is -135 + 1?
-134
In base 4, what is -1200331 - 3?
-1201000
In base 5, what is 2 - -3203?
3210
In base 14, what is 3b - 2?
39
In base 3, what is 1222 - -110021?
112020
In base 10, what is -4 + -6220?
-6224
In base 3, what is -1221 + 12122?
10201
In base 7, what is -3 - 1250?
-1253
In base 16, what is 41 + 6?
47
In base 10, what is -4 - 118?
-122
In base 13, what is -2142 + 0?
-2142
In base 12, what is 7 - 234?
-229
In base 11, what is -9 - -68?
5a
In base 6, what is -33 - 41?
-114
In base 10, what is -3 - 163?
-166
In base 6, what is 20 + 1413?
1433
In base 12, what is 8 + -21?
-15
In base 12, what is -100 + 2?
-ba
In base 15, what is 0 - -945?
945
In base 16, what is 4 + -fde?
-fda
In base 10, what is 1386 - 1?
1385
In base 15, what is 13 - c?
6
In base 7, what is -4 + -252?
-256
In base 6, what is 134100 - -1?
134101
In base 11, what is -a207 - 3?
-a20a
In base 10, what is -10 + 13?
3
In base 5, what is -33400 - -10?
-33340
In base 15, what is -3 - 55?
-58
In base 8, what is -423 + -15?
-440
In base 13, what is -3 - -78c?
789
In base 6, what is 13 + 20?
33
In base 8, what is -1333 - -4?
-1327
In base 8, what is 3 + 10742?
10745
In base 12, what is -5 + 148?
143
In base 15, what is -4 - -1228?
1224
In base 8, what is 10011 + 0?
10011
In base 8, what is -3 - -2657?
2654
In base 15, what is abb - 1?
aba
In base 12, what is 73 - 62?
11
In base 5, what is -3 - -223444?
223441
In base 7, what is -13564 - 4?
-13601
In base 7, what is -536 + -11?
-550
In base 2, what is 1001 - -1010110?
1011111
In base 9, what is -17 - -25?
7
In base 9, what is -1867 - 13?
-1881
In base 6, what is -32 + -135?
-211
In base 16, what is 1 - -40?
41
In base 11, what is -17 - -91?
75
In base 9, what is 0 - 1758?
-1758
In base 8, what is -2 + 15?
13
In base 3, what is -220 + -2021?
-10011
In base 7, what is 114 + -44?
40
In base 2, what is 0 + -10100010001?
-10100010001
In base 4, what is 31330 - -31?
32021
In base 5, what is 3234 + -2?
3232
In base 14, what is 4 - -3d9?
3dd
In base 2, what is -1 - -10011001100?
10011001011
In base 14, what is 0 + 932?
932
In base 9, what is -13 + 36?
23
In base 3, what is 12 - -10102?
10121
In base 15, what is -1 + -72d?
-72e
In base 4, what is 1310 - -200?
2110
In base 11, what is 3 + -532?
-52a
In base 8, what is 10654 + 2?
10656
In base 11, what is 6 + 165?
170
In base 11, what is 5 + -88?
-83
In base 7, what is 4152 + 4?
4156
In base 15, what is 33a8 + -3?
33a5
In base 5, what is 103101 - -10?
103111
In base 4, what is -133022 + 0?
-133022
In base 14, what is -24 + -4?
-28
In base 11, what is 2 - 65a?
-658
In base 13, what is -4 + -b0?
-b4
In base 16, what is 3 + -38?
-35
In base 14, what is 2 - -209?
20b
In base 14, what is -245 + 52?
-1d3
In base 4, what is 12103 - -2?
12111
In base 3, what is -11 + 10220?
10202
In base 15, what is -2 - 439?
-43b
In base 9, what is 5 - 212?
-206
In base 8, what is -57 - 12?
-71
In base 8, what is 2 - 247?
-245
In base 9, what is -3 - 5364?
-5367
In base 5, what is 13103 - 44?
130